{"id":246,"date":"2016-01-18T21:42:29","date_gmt":"2016-01-18T20:42:29","guid":{"rendered":"http:\/\/test.linuxday.ch\/?page_id=246"},"modified":"2023-11-18T17:04:31","modified_gmt":"2023-11-18T16:04:31","slug":"dates-2","status":"publish","type":"page","link":"https:\/\/www.linux-presentation-day.ch\/index.php\/fr\/dates-2\/","title":{"rendered":"Dates"},"content":{"rendered":"<p>Vous trouverez ci-apr\u00e8s une liste des localit\u00e9s suisses participant \u00e0 l\u2019op\u00e9ration et des liens vers les sites des organisateurs correspondants. <strong>Choisissez une date qui vous convient pr\u00e8s de chez vous<\/strong> et venez tout simplement nous rendre visite! Les manifestations sont gratuites et <strong>aucune inscription n\u2019est n\u00e9cessaire<\/strong>.<\/p>\n<p><strong>Liste des localit\u00e9s suisses participantes et des dates:<\/strong><br \/>\n<!--\n\n\n<table class=\"table-indent\">\n\n\n<tbody>\n\n\n<tr>\n\n\n<th colspan=\"3\">Samedi 26 mars 2022<\/th>\n\n\n<\/tr>\n\n\n\n\n<tr>\n\n\n<td class=\"indent\" width=\"25%\"><strong>Berne<\/strong><\/td>\n\n\n\n\n<td width=\"35%\"><a href=\"https:\/\/lugbe.ch\/lpd\/\" target=\"_blank\" rel=\"noopener noreferrer\">Linux Presentation Day et Install Caf\u00e9<\/a> - On s'occupe de \u00ab Comment commencer \u00e0 utiliser Linux? \u00bb<\/td>\n\n\n\n\n<td width=\"40%\">10:00 - 16:00 heures<\/td>\n\n\n<\/tr>\n\n\n<\/tbody>\n\n\n<\/table>\n\n\n\n\n<table class=\"table-indent\">\n\n\n<tbody>\n\n\n<tr>\n\n\n<th colspan=\"3\">Samedi, 21 novembre 2020<\/th>\n\n\n<\/tr>\n\n\n\n\n<tr>\n\n\n<td class=\"indent\" width=\"25%\"><strong>Berne<\/strong><\/td>\n\n\n\n\n<td width=\"35%\"><a href=\"https:\/\/lugbe.ch\/lpd\" target=\"_blank\" rel=\"noopener noreferrer\">Linux User Group Bern<\/a><\/td>\n\n\n\n\n<td width=\"40%\">11:00 - 17:00 heures<\/td>\n\n\n<\/tr>\n\n\n\n\n<tr>\n\n\n<td class=\"indent\" width=\"25%\"><strong>Zurich<\/strong><\/td>\n\n\n\n\n<td width=\"35%\"><a href=\"http:\/\/www.lugs.ch\/lpd\" target=\"_blank\" rel=\"noopener noreferrer\">revamp-it<\/a><\/td>\n\n\n\n\n<td width=\"40%\">11:00 - 17:00 heures<\/td>\n\n\n<\/tr>\n\n\n<\/tbody>\n\n\n<\/table>\n\n\n\n\n<table class=\"table-indent\">\n\n\n<tbody>\n\n\n<tr>\n\n\n<th colspan=\"3\">Mardi, 24 novembre 2020<\/th>\n\n\n<\/tr>\n\n\n\n\n<tr>\n\n\n<td class=\"indent\" width=\"25%\"><strong>Saint-Gall<\/strong><\/td>\n\n\n\n\n<td width=\"35%\"><a href=\"https:\/\/ruum42.ch\/lpd-linux-presentation-day\" target=\"_blank\" rel=\"noopener noreferrer\">Ruum42<\/a><\/td>\n\n\n\n\n<td width=\"40%\">18:30 - 23:00 heures<\/td>\n\n\n<\/tr>\n\n\n<\/tbody>\n\n\n<\/table>\n\n\n<br style=\"line-height:1.5em;\">\n\n<strong>Autres Linux (Presentation) Days europ\u00e9ens:<\/strong>\n\n\n<table>\n\n\n<tbody>\n\n\n<tr>\n\n\n<td width=\"25%\"><strong>Autriche<\/strong><\/td>\n\n\n\n\n<td width=\"75%\"><a href=\"http:\/\/linuxday.at\" target=\"_blank\" rel=\"noopener noreferrer\">LinuxDay Vorarlberg<\/a><\/td>\n\n\n<\/tr>\n\n\n\n\n<tr>\n\n\n<td><strong>France<\/strong><\/td>\n\n\n\n\n<td><a href=\"http:\/\/linux-presentation-day.fr\/\" target=\"_blank\" rel=\"noopener noreferrer\">Linux Presentation Day France<\/a>\n<a href=\"http:\/\/www.libre-en-fete.net\/\" target=\"_blank\" rel=\"noopener noreferrer\">Libre en F\u00eate<\/a><\/td>\n\n\n<\/tr>\n\n\n\n\n<tr>\n\n\n<td><strong>Italie<\/strong><\/td>\n\n\n\n\n<td><a href=\"http:\/\/linuxday.it\" target=\"_blank\" rel=\"noopener noreferrer\">LinuxDay Italiano<\/a><\/td>\n\n\n<\/tr>\n\n\n\n\n<tr>\n\n\n<td><strong>Allemagne<\/strong><\/td>\n\n\n\n\n<td><a href=\"http:\/\/linux-presentation-day.de\" target=\"_blank\" rel=\"noopener noreferrer\">Linux Presentation Day Germany<\/a><\/td>\n\n\n<\/tr>\n\n\n\n\n<tr>\n\n\n<td><strong>Belgique<\/strong><\/td>\n\n\n\n\n<td><a href=\"http:\/\/linux-presentation-day.be\" target=\"_blank\" rel=\"noopener noreferrer\">Linux Presentation Day Belgique<\/a><\/td>\n\n\n<\/tr>\n\n\n\n\n<tr>\n\n\n<td><strong>Pologne<\/strong><\/td>\n\n\n\n\n<td><a href=\"https:\/\/pl.linux-presentation-day.org\" target=\"_blank\" rel=\"noopener noreferrer\">Linux Presentation Day Pologne<\/a><\/td>\n\n\n<\/tr>\n\n\n\n\n<tr>\n\n\n<td><strong>Angleterre<\/strong><\/td>\n\n\n\n\n<td><a href=\"http:\/\/www.linux-presentation-day.org.uk\" target=\"_blank\" rel=\"noopener noreferrer\">Linux Presentation Day Angleterre<\/a><\/td>\n\n\n<\/tr>\n\n\n<\/tbody>\n\n\n<\/table>\n\n\n--><\/p>\n","protected":false},"excerpt":{"rendered":"<p>Vous trouverez ci-apr\u00e8s une liste des localit\u00e9s suisses participant \u00e0 l\u2019op\u00e9ration et des liens vers les sites des organisateurs correspondants. Choisissez une date qui vous convient pr\u00e8s de chez vous et venez tout simplement nous rendre visite! Les manifestations sont gratuites et aucune inscription n\u2019est n\u00e9cessaire. Liste des localit\u00e9s suisses participantes et des dates:<\/p>\n","protected":false},"author":1,"featured_media":0,"parent":0,"menu_order":0,"comment_status":"closed","ping_status":"closed","template":"","meta":[],"_links":{"self":[{"href":"https:\/\/www.linux-presentation-day.ch\/index.php\/wp-json\/wp\/v2\/pages\/246"}],"collection":[{"href":"https:\/\/www.linux-presentation-day.ch\/index.php\/wp-json\/wp\/v2\/pages"}],"about":[{"href":"https:\/\/www.linux-presentation-day.ch\/index.php\/wp-json\/wp\/v2\/types\/page"}],"author":[{"embeddable":true,"href":"https:\/\/www.linux-presentation-day.ch\/index.php\/wp-json\/wp\/v2\/users\/1"}],"replies":[{"embeddable":true,"href":"https:\/\/www.linux-presentation-day.ch\/index.php\/wp-json\/wp\/v2\/comments?post=246"}],"version-history":[{"count":63,"href":"https:\/\/www.linux-presentation-day.ch\/index.php\/wp-json\/wp\/v2\/pages\/246\/revisions"}],"predecessor-version":[{"id":710,"href":"https:\/\/www.linux-presentation-day.ch\/index.php\/wp-json\/wp\/v2\/pages\/246\/revisions\/710"}],"wp:attachment":[{"href":"https:\/\/www.linux-presentation-day.ch\/index.php\/wp-json\/wp\/v2\/media?parent=246"}],"curies":[{"name":"wp","href":"https:\/\/api.w.org\/{rel}","templated":true}]}}

<p>Vous trouverez ci-après une liste des localités suisses participant à l’opération et des liens vers les sites des organisateurs correspondants. <strong>Choisissez une date qui vous convient près de chez vous</strong> et venez tout simplement nous rendre visite! Les manifestations sont gratuites et <strong>aucune inscription n’est nécessaire</strong>.</p>
<p><strong>Liste des localités suisses participantes et des dates:</strong><br />
<!--


<table class="table-indent">


<tbody>


<tr>


<th colspan="3">Samedi 26 mars 2022</th>


</tr>




<tr>


<td class="indent" width="25%"><strong>Berne</strong></td>




<td width="35%"><a href="https://lugbe.ch/lpd/" target="_blank" rel="noopener noreferrer">Linux Presentation Day et Install Café</a> - On s'occupe de « Comment commencer à utiliser Linux? »</td>




<td width="40%">10:00 - 16:00 heures</td>


</tr>


</tbody>


</table>




<table class="table-indent">


<tbody>


<tr>


<th colspan="3">Samedi, 21 novembre 2020</th>


</tr>




<tr>


<td class="indent" width="25%"><strong>Berne</strong></td>




<td width="35%"><a href="https://lugbe.ch/lpd" target="_blank" rel="noopener noreferrer">Linux User Group Bern</a></td>




<td width="40%">11:00 - 17:00 heures</td>


</tr>




<tr>


<td class="indent" width="25%"><strong>Zurich</strong></td>




<td width="35%"><a href="http://www.lugs.ch/lpd" target="_blank" rel="noopener noreferrer">revamp-it</a></td>




<td width="40%">11:00 - 17:00 heures</td>


</tr>


</tbody>


</table>




<table class="table-indent">


<tbody>


<tr>


<th colspan="3">Mardi, 24 novembre 2020</th>


</tr>




<tr>


<td class="indent" width="25%"><strong>Saint-Gall</strong></td>




<td width="35%"><a href="https://ruum42.ch/lpd-linux-presentation-day" target="_blank" rel="noopener noreferrer">Ruum42</a></td>




<td width="40%">18:30 - 23:00 heures</td>


</tr>


</tbody>


</table>


<br style="line-height:1.5em;">

<strong>Autres Linux (Presentation) Days européens:</strong>


<table>


<tbody>


<tr>


<td width="25%"><strong>Autriche</strong></td>




<td width="75%"><a href="http://linuxday.at" target="_blank" rel="noopener noreferrer">LinuxDay Vorarlberg</a></td>


</tr>




<tr>


<td><strong>France</strong></td>




<td><a href="http://linux-presentation-day.fr/" target="_blank" rel="noopener noreferrer">Linux Presentation Day France</a>
<a href="http://www.libre-en-fete.net/" target="_blank" rel="noopener noreferrer">Libre en Fête</a></td>


</tr>




<tr>


<td><strong>Italie</strong></td>




<td><a href="http://linuxday.it" target="_blank" rel="noopener noreferrer">LinuxDay Italiano</a></td>


</tr>




<tr>


<td><strong>Allemagne</strong></td>




<td><a href="http://linux-presentation-day.de" target="_blank" rel="noopener noreferrer">Linux Presentation Day Germany</a></td>


</tr>




<tr>


<td><strong>Belgique</strong></td>




<td><a href="http://linux-presentation-day.be" target="_blank" rel="noopener noreferrer">Linux Presentation Day Belgique</a></td>


</tr>




<tr>


<td><strong>Pologne</strong></td>




<td><a href="https://pl.linux-presentation-day.org" target="_blank" rel="noopener noreferrer">Linux Presentation Day Pologne</a></td>


</tr>




<tr>


<td><strong>Angleterre</strong></td>




<td><a href="http://www.linux-presentation-day.org.uk" target="_blank" rel="noopener noreferrer">Linux Presentation Day Angleterre</a></td>


</tr>


</tbody>


</table>


--></p>

<p>Vous trouverez ci-après une liste des localités suisses participant à l’opération et des liens vers les sites des organisateurs correspondants. Choisissez une date qui vous convient près de chez vous et venez tout simplement nous rendre visite! Les manifestations sont gratuites et aucune inscription n’est nécessaire. Liste des localités suisses participantes et des dates:</p>
